{"id":3987,"date":"2025-10-03T16:38:46","date_gmt":"2025-10-03T14:38:46","guid":{"rendered":"https:\/\/zelenestavbysk.sk\/?page_id=3987"},"modified":"2025-10-03T16:49:02","modified_gmt":"2025-10-03T14:49:02","slug":"uprava-zelene","status":"publish","type":"page","link":"https:\/\/zelenestavbysk.sk\/?page_id=3987","title":{"rendered":"\u00dadr\u017eba zelene"},"content":{"rendered":"<div class=\"wpb-content-wrapper\"><p>[vc_row css=&#8220;.vc_custom_1532319356025{background-color: #f5f5f5 !important;}&#8220;][vc_column][vc_row_inner][vc_column_inner][vc_column_text css=&#8220;&#8220;]<\/p>\n<div class=\"elementor-element elementor-element-5b043be elementor-widget elementor-widget-text-editor\" data-id=\"5b043be\" data-element_type=\"widget\" data-widget_type=\"text-editor.default\">\n<div class=\"elementor-widget-container\">\n<h1 style=\"text-align: center;\">\u00dadr\u017eba zelene<\/h1>\n<p>&nbsp;<\/p>\n<p style=\"text-align: center;\">Pon\u00fakame slu\u017eby spojen\u00e9 so starostlivos\u0165ou o zele\u0148, \u010disten\u00edm pozemkov,\u00a0 \u010dinnosti zameran\u00e9 na starostlivos\u0165 o zele\u0148 ako \u010distenie, kosenie, hrabanie, ru\u010dn\u00e9 a strojov\u00e9 orez\u00e1vanie drevnat\u00fdch okrasn\u00fdch kr\u00edkov, strom\u010dekov, odstra\u0148ovanie such\u00fdch drev\u00edn a ne\u010dist\u00f4t.<\/p>\n<\/div>\n<\/div>\n<p>[\/vc_column_text][\/vc_column_inner][\/vc_row_inner][vc_row_inner][vc_column_inner width=&#8220;1\/3&#8243;][gva_service_box items=&#8220;%5B%7B%22title%22%3A%22%C3%9Adr%C5%BEba%20a%20strihanie%20drev%C3%ADn%20a%20zelen%C3%BDch%20porastov%22%7D%2C%7B%22title%22%3A%22Kosenie%22%7D%2C%7B%22title%22%3A%22%C3%9Adr%C5%BEby%20okrasn%C3%BDch%20z%C3%A1hrad%22%7D%5D&#8220; title=&#8220;\u00dadr\u017eba zelene&#8220; icon=&#8220;gv-icon-1022&#8243;][\/vc_column_inner][vc_column_inner width=&#8220;1\/3&#8243;][gva_service_box items=&#8220;%5B%7B%22title%22%3A%22%C4%8Cistenie%20pozemkov%20od%20drev%C3%ADn%2C%20l%C3%ADstia%20alebo%20in%C3%A9ho%20organick%C3%A9ho%20materi%C3%A1lu%22%7D%5D&#8220; title=&#8220;\u010cistenie pozemkov&#8220; icon=&#8220;gv-icon-1090&#8243;][\/vc_column_inner][vc_column_inner width=&#8220;1\/3&#8243;][gva_service_box items=&#8220;%5B%7B%22title%22%3A%22Odvoz%20a%20likvid%C3%A1cia%20rastlinn%C3%A9ho%20materi%C3%A1lu%22%7D%5D&#8220; title=&#8220;Odvoz rastlinn\u00e9ho materi\u00e1lu&#8220; icon=&#8220;gv-icon-1033&#8243;][\/vc_column_inner][\/vc_row_inner][\/vc_column][\/vc_row]<\/p>\n<\/div>","protected":false},"excerpt":{"rendered":"<p>[vc_row css=&#8220;.vc_custom_1532319356025{background-color: #f5f5f5 !important;}&#8220;][vc_column][vc_row_inner][vc_column_inner][vc_column_text css=&#8220;&#8220;] \u00dadr\u017eba zelene &nbsp; Pon\u00fakame slu\u017eby spojen\u00e9 so starostlivos\u0165ou o zele\u0148, \u010disten\u00edm pozemkov,\u00a0 \u010dinnosti zameran\u00e9 na starostlivos\u0165 o zele\u0148 ako \u010distenie, kosenie, hrabanie, ru\u010dn\u00e9 a strojov\u00e9 orez\u00e1vanie drevnat\u00fdch okrasn\u00fdch kr\u00edkov, strom\u010dekov, odstra\u0148ovanie such\u00fdch drev\u00edn a ne\u010dist\u00f4t. [\/vc_column_text][\/vc_column_inner][\/vc_row_inner][vc_row_inner][vc_column_inner width=&#8220;1\/3&#8243;][gva_service_box items=&#8220;%5B%7B%22title%22%3A%22%C3%9Adr%C5%BEba%20a%20strihanie%20drev%C3%ADn%20a%20zelen%C3%BDch%20porastov%22%7D%2C%7B%22title%22%3A%22Kosenie%22%7D%2C%7B%22title%22%3A%22%C3%9Adr%C5%BEby%20okrasn%C3%BDch%20z%C3%A1hrad%22%7D%5D&#8220; title=&#8220;\u00dadr\u017eba zelene&#8220; icon=&#8220;gv-icon-1022&#8243;][\/vc_column_inner][vc_column_inner width=&#8220;1\/3&#8243;][gva_service_box items=&#8220;%5B%7B%22title%22%3A%22%C4%8Cistenie%20pozemkov%20od%20drev%C3%ADn%2C%20l%C3%ADstia%20alebo%20in%C3%A9ho%20organick%C3%A9ho%20materi%C3%A1lu%22%7D%5D&#8220; title=&#8220;\u010cistenie pozemkov&#8220; icon=&#8220;gv-icon-1090&#8243;][\/vc_column_inner][vc_column_inner width=&#8220;1\/3&#8243;][gva_service_box items=&#8220;%5B%7B%22title%22%3A%22Odvoz%20a%20likvid%C3%A1cia%20rastlinn%C3%A9ho%20materi%C3%A1lu%22%7D%5D&#8220; title=&#8220;Odvoz rastlinn\u00e9ho [&hellip;]<\/p>\n","protected":false},"author":1,"featured_media":0,"parent":0,"menu_order":0,"comment_status":"closed","ping_status":"closed","template":"","meta":{"footnotes":""},"class_list":["post-3987","page","type-page","status-publish","hentry"],"_links":{"self":[{"href":"https:\/\/zelenestavbysk.sk\/index.php?rest_route=\/wp\/v2\/pages\/3987","targetHints":{"allow":["GET"]}}],"collection":[{"href":"https:\/\/zelenestavbysk.sk\/index.php?rest_route=\/wp\/v2\/pages"}],"about":[{"href":"https:\/\/zelenestavbysk.sk\/index.php?rest_route=\/wp\/v2\/types\/page"}],"author":[{"embeddable":true,"href":"https:\/\/zelenestavbysk.sk\/index.php?rest_route=\/wp\/v2\/users\/1"}],"replies":[{"embeddable":true,"href":"https:\/\/zelenestavbysk.sk\/index.php?rest_route=%2Fwp%2Fv2%2Fcomments&post=3987"}],"version-history":[{"count":5,"href":"https:\/\/zelenestavbysk.sk\/index.php?rest_route=\/wp\/v2\/pages\/3987\/revisions"}],"predecessor-version":[{"id":3995,"href":"https:\/\/zelenestavbysk.sk\/index.php?rest_route=\/wp\/v2\/pages\/3987\/revisions\/3995"}],"wp:attachment":[{"href":"https:\/\/zelenestavbysk.sk\/index.php?rest_route=%2Fwp%2Fv2%2Fmedia&parent=3987"}],"curies":[{"name":"wp","href":"https:\/\/api.w.org\/{rel}","templated":true}]}}