{"id":610,"date":"2016-03-07T03:10:46","date_gmt":"2016-03-07T03:10:46","guid":{"rendered":"https:\/\/gaviaspreview.com\/wp\/winnex\/?page_id=610"},"modified":"2025-10-03T18:45:05","modified_gmt":"2025-10-03T16:45:05","slug":"contact-page","status":"publish","type":"page","link":"https:\/\/zelenestavbysk.sk\/?page_id=610","title":{"rendered":"Kontakt"},"content":{"rendered":"<div class=\"wpb-content-wrapper\"><p>[vc_row row_space=&#8220;remove_padding&#8220;][vc_column width=&#8220;2\/3&#8243;]\n<div class=\"wpcf7 no-js\" id=\"wpcf7-f236-o1\" lang=\"en-US\" dir=\"ltr\" data-wpcf7-id=\"236\">\n<div class=\"screen-reader-response\"><p role=\"status\" aria-live=\"polite\" aria-atomic=\"true\"><\/p> <ul><\/ul><\/div>\n<form action=\"\/index.php?rest_route=%2Fwp%2Fv2%2Fpages%2F610#wpcf7-f236-o1\" method=\"post\" class=\"wpcf7-form init\" aria-label=\"Contact form\" novalidate=\"novalidate\" data-status=\"init\">\n<fieldset class=\"hidden-fields-container\"><input type=\"hidden\" name=\"_wpcf7\" value=\"236\" \/><input type=\"hidden\" name=\"_wpcf7_version\" value=\"6.1.5\" \/><input type=\"hidden\" name=\"_wpcf7_locale\" value=\"en_US\" \/><input type=\"hidden\" name=\"_wpcf7_unit_tag\" value=\"wpcf7-f236-o1\" \/><input type=\"hidden\" name=\"_wpcf7_container_post\" value=\"0\" \/><input type=\"hidden\" name=\"_wpcf7_posted_data_hash\" value=\"\" \/>\n<\/fieldset>\n<div class=\"contact-feedback-form\">\n\t<div class=\"row\">\n\t\t<div class=\"col-sm-4 col-xs-12\">\n\t\t\t<p><span class=\"wpcf7-form-control-wrap\" data-name=\"your-name\"><input size=\"40\" maxlength=\"400\" class=\"wpcf7-form-control wpcf7-text wpcf7-validates-as-required\" aria-required=\"true\" aria-invalid=\"false\" placeholder=\"Va\u0161e Meno *\" value=\"\" type=\"text\" name=\"your-name\" \/><\/span>\n\t\t\t<\/p>\n\t\t<\/div>\n\t\t<div class=\"col-sm-4 col-xs-12\">\n\t\t\t<p><span class=\"wpcf7-form-control-wrap\" data-name=\"your-email\"><input size=\"40\" maxlength=\"400\" class=\"wpcf7-form-control wpcf7-email wpcf7-validates-as-required wpcf7-text wpcf7-validates-as-email\" aria-required=\"true\" aria-invalid=\"false\" placeholder=\"V\u00e1\u0161 email *\" value=\"\" type=\"email\" name=\"your-email\" \/><\/span>\n\t\t\t<\/p>\n\t\t<\/div>\n\t\t<div class=\"col-sm-4 col-xs-12\">\n\t\t\t<p><span class=\"wpcf7-form-control-wrap\" data-name=\"your-subject\"><input size=\"40\" maxlength=\"400\" class=\"wpcf7-form-control wpcf7-text wpcf7-validates-as-required\" aria-required=\"true\" aria-invalid=\"false\" placeholder=\"Predmet spr\u00e1vy *\" value=\"\" type=\"text\" name=\"your-subject\" \/><\/span>\n\t\t\t<\/p>\n\t\t<\/div>\n\t<\/div>\n\t<div class=\"row\">\n\t\t<div class=\"col-xs-12\">\n\t\t\t<p><span class=\"wpcf7-form-control-wrap\" data-name=\"your-message\"><textarea cols=\"40\" rows=\"10\" maxlength=\"2000\" class=\"wpcf7-form-control wpcf7-textarea wpcf7-validates-as-required\" aria-required=\"true\" aria-invalid=\"false\" placeholder=\"Va\u0161a spr\u00e1va*\" name=\"your-message\"><\/textarea><\/span>\n\t\t\t<\/p>\n\t\t<\/div>\n\t\t<div class=\"col-xs-12 action\">\n\t\t\t<div class=\"form-note\">\n\t\t\t\t<p><strong>Pozn\u00e1mka:<\/strong> Va\u0161a e-mailov\u00e1 adresa nebude zverejnen\u00e1.\n\t\t\t\t<\/p>\n\t\t\t<\/div>\n\t\t\t<div class=\"form-action\">\n\t\t\t\t<p><input class=\"wpcf7-form-control wpcf7-submit has-spinner\" type=\"submit\" value=\"Odo\u0161li spr\u00e1vu\" \/>\n\t\t\t\t<\/p>\n\t\t\t<\/div>\n\t\t<\/div>\n\t<\/div>\n<\/div><p style=\"display: none !important;\" class=\"akismet-fields-container\" data-prefix=\"_wpcf7_ak_\"><label>&#916;<textarea name=\"_wpcf7_ak_hp_textarea\" cols=\"45\" rows=\"8\" maxlength=\"100\"><\/textarea><\/label><input type=\"hidden\" id=\"ak_js_1\" name=\"_wpcf7_ak_js\" value=\"34\"\/><script>document.getElementById( \"ak_js_1\" ).setAttribute( \"value\", ( new Date() ).getTime() );<\/script><\/p><div class=\"wpcf7-response-output\" aria-hidden=\"true\"><\/div>\n<\/form>\n<\/div>\n[\/vc_column][vc_column width=&#8220;1\/3&#8243;][gva_block_heading title=&#8220;S\u00eddlo firmy&#8220; style=&#8220;style-2&#8243; align=&#8220;align-left&#8220;][gva_contact_info title=&#8220;ZELEN\u00c9 STAVBY SK s. r. o.&#8220; photo=&#8220;954&#8243; address=&#8220;Ulica 1.m\u00e1ja 979\/32, 953 01 Zlat\u00e9 Moravce&#8220; phone=&#8220;Telef\u00f3n: +421 907 562 888&#8243; email=&#8220;zelenestavbysk@gmail.com&#8220; website=&#8220;www.zelenestavbysk.sk&#8220;][\/vc_column][\/vc_row][vc_row row_space=&#8220;remove_padding&#8220; isfullwidth=&#8220;0&#8243;][vc_column][vc_gmaps link=&#8220;#E-8_JTNDaWZyYW1lJTIwc3JjJTNEJTIyaHR0cHMlM0ElMkYlMkZ3d3cuZ29vZ2xlLmNvbSUyRm1hcHMlMkZlbWJlZCUzRnBiJTNEJTIxMW0xOCUyMTFtMTIlMjExbTMlMjExZDEyNTkuMzM2MDU3MjUwMTA1MyUyMTJkMTguMzg0Nzg1NzYwMzkxMjElMjEzZDQ4LjM4Mzk0MTYzOTEzNDEyJTIxMm0zJTIxMWYwJTIxMmYwJTIxM2YwJTIxM20yJTIxMWkxMDI0JTIxMmk3NjglMjE0ZjEzLjElMjEzbTMlMjExbTIlMjExczB4NDc2YjJmNzFlNGJhMzZmMyUyNTNBMHhjMTgxNmQ4NjhkNTI4NjA2JTIxMnMxLiUyNTIwbSUyNUMzJTI1QTFqYSUyNTIwMzIlMjUyQyUyNTIwOTUzJTI1MjAwMSUyNTIwWmxhdCUyNUMzJTI1QTklMjUyME1vcmF2Y2UlMjE1ZTElMjEzbTIlMjExc3NrJTIxMnNzayUyMTR2MTc1Mzg3NTY4MjI4NyUyMTVtMiUyMTFzc2slMjEyc3NrJTIyJTIwd2lkdGglM0QlMjI2MDAlMjIlMjBoZWlnaHQlM0QlMjI0NTAlMjIlMjBzdHlsZSUzRCUyMmJvcmRlciUzQTAlM0IlMjIlMjBhbGxvd2Z1bGxzY3JlZW4lM0QlMjIlMjIlMjBsb2FkaW5nJTNEJTIybGF6eSUyMiUyMHJlZmVycmVycG9saWN5JTNEJTIybm8tcmVmZXJyZXItd2hlbi1kb3duZ3JhZGUlMjIlM0UlM0MlMkZpZnJhbWUlM0U=&#8220; size=&#8220;450&#8243; css=&#8220;.vc_custom_1753875772611{padding-top: 50px !important;padding-bottom: 50px !important;}&#8220;][\/vc_column][\/vc_row]<\/p>\n<\/div>","protected":false},"excerpt":{"rendered":"<p>[vc_row row_space=&#8220;remove_padding&#8220;][vc_column width=&#8220;2\/3&#8243;][\/vc_column][vc_column width=&#8220;1\/3&#8243;][gva_block_heading title=&#8220;S\u00eddlo firmy&#8220; style=&#8220;style-2&#8243; align=&#8220;align-left&#8220;][gva_contact_info title=&#8220;ZELEN\u00c9 STAVBY SK s. r. o.&#8220; photo=&#8220;954&#8243; address=&#8220;Ulica 1.m\u00e1ja 979\/32, 953 01 Zlat\u00e9 Moravce&#8220; phone=&#8220;Telef\u00f3n: +421 907 562 888&#8243; email=&#8220;zelenestavbysk@gmail.com&#8220; website=&#8220;www.zelenestavbysk.sk&#8220;][\/vc_column][\/vc_row][vc_row row_space=&#8220;remove_padding&#8220; isfullwidth=&#8220;0&#8243;][vc_column][vc_gmaps link=&#8220;#E-8_JTNDaWZyYW1lJTIwc3JjJTNEJTIyaHR0cHMlM0ElMkYlMkZ3d3cuZ29vZ2xlLmNvbSUyRm1hcHMlMkZlbWJlZCUzRnBiJTNEJTIxMW0xOCUyMTFtMTIlMjExbTMlMjExZDEyNTkuMzM2MDU3MjUwMTA1MyUyMTJkMTguMzg0Nzg1NzYwMzkxMjElMjEzZDQ4LjM4Mzk0MTYzOTEzNDEyJTIxMm0zJTIxMWYwJTIxMmYwJTIxM2YwJTIxM20yJTIxMWkxMDI0JTIxMmk3NjglMjE0ZjEzLjElMjEzbTMlMjExbTIlMjExczB4NDc2YjJmNzFlNGJhMzZmMyUyNTNBMHhjMTgxNmQ4NjhkNTI4NjA2JTIxMnMxLiUyNTIwbSUyNUMzJTI1QTFqYSUyNTIwMzIlMjUyQyUyNTIwOTUzJTI1MjAwMSUyNTIwWmxhdCUyNUMzJTI1QTklMjUyME1vcmF2Y2UlMjE1ZTElMjEzbTIlMjExc3NrJTIxMnNzayUyMTR2MTc1Mzg3NTY4MjI4NyUyMTVtMiUyMTFzc2slMjEyc3NrJTIyJTIwd2lkdGglM0QlMjI2MDAlMjIlMjBoZWlnaHQlM0QlMjI0NTAlMjIlMjBzdHlsZSUzRCUyMmJvcmRlciUzQTAlM0IlMjIlMjBhbGxvd2Z1bGxzY3JlZW4lM0QlMjIlMjIlMjBsb2FkaW5nJTNEJTIybGF6eSUyMiUyMHJlZmVycmVycG9saWN5JTNEJTIybm8tcmVmZXJyZXItd2hlbi1kb3duZ3JhZGUlMjIlM0UlM0MlMkZpZnJhbWUlM0U=&#8220; size=&#8220;450&#8243; css=&#8220;.vc_custom_1753875772611{padding-top: 50px !important;padding-bottom: 50px !important;}&#8220;][\/vc_column][\/vc_row]<\/p>\n","protected":false},"author":1,"featured_media":0,"parent":0,"menu_order":0,"comment_status":"closed","ping_status":"closed","template":"","meta":{"footnotes":""},"class_list":["post-610","page","type-page","status-publish","hentry"],"_links":{"self":[{"href":"https:\/\/zelenestavbysk.sk\/index.php?rest_route=\/wp\/v2\/pages\/610","targetHints":{"allow":["GET"]}}],"collection":[{"href":"https:\/\/zelenestavbysk.sk\/index.php?rest_route=\/wp\/v2\/pages"}],"about":[{"href":"https:\/\/zelenestavbysk.sk\/index.php?rest_route=\/wp\/v2\/types\/page"}],"author":[{"embeddable":true,"href":"https:\/\/zelenestavbysk.sk\/index.php?rest_route=\/wp\/v2\/users\/1"}],"replies":[{"embeddable":true,"href":"https:\/\/zelenestavbysk.sk\/index.php?rest_route=%2Fwp%2Fv2%2Fcomments&post=610"}],"version-history":[{"count":3,"href":"https:\/\/zelenestavbysk.sk\/index.php?rest_route=\/wp\/v2\/pages\/610\/revisions"}],"predecessor-version":[{"id":4007,"href":"https:\/\/zelenestavbysk.sk\/index.php?rest_route=\/wp\/v2\/pages\/610\/revisions\/4007"}],"wp:attachment":[{"href":"https:\/\/zelenestavbysk.sk\/index.php?rest_route=%2Fwp%2Fv2%2Fmedia&parent=610"}],"curies":[{"name":"wp","href":"https:\/\/api.w.org\/{rel}","templated":true}]}}